 common divisor of 31 and i.
31
Let m = -3440 - -3536. Calculate the greatest common divisor of 5136 and m.
48
Suppose -20 = 3*t - 29. Suppose 5*y = 4*z + 464, -t*y + 0*y + 284 = -z. What is the greatest common divisor of y and 72?
24
Let i = 31 + -36. Let w(f) = -2*f**3 + 15*f**2 - 2*f - 10. Let j be w(i). What is the highest common divisor of j and 25?
25
Let a(j) = j**2 + 2*j - 5. Let d be a(-3). Let g(i) = -47*i**3 - i**2 + 3*i + 4. Let q be g(d). Calculate the highest common divisor of q and 148.
74
Suppose -33 + 18 = -3*h. Suppose -4 = 4*l - h*l. Suppose -2*s = -l*n - 52, 3*n - 60 = -5*s - n. Calculate the highest common divisor of 48 and s.
16
Let g(q) = -q**2 + q - 12. Let y be g(4). Let a(s) = s**2 + 19*s - 117. Let x be a(y). What is the highest common divisor of x and 8?
1
Suppose -5*d = 3*c - 91, 1 = 2*d - 3*d. Let y be (-6)/2 + c + 2. Let s(l) = l**3 - l**2 + l + 279. Let r be s(0). What is the highest common factor of r and y?
31
Let q(w) = -10*w**2 + w + 5. Let c be q(0). Suppose c*n + 4*v - 199 = -31, -4*v - 88 = -3*n. What is the highest common factor of n and 24?
8
Suppose -32617 = -15*w + 3563. What is the greatest common divisor of w and 36?
36
Let o = -12332 + 12458. Calculate the highest common factor of o and 273.
21
Let n(k) = -2*k**3 - 10*k**2 - 56*k - 352. Let p be n(-6). Calculate the greatest common factor of 124 and p.
4
Let t = -334 - -330. Let r(h) = -158*h + 96. Let p be r(t). Calculate the greatest common factor of 56 and p.
56
Let p(i) = -i**3 + 30*i**2 - 59*i + 117. Let l be p(28). Calculate the highest common divisor of l and 22.
11
Let d(z) = -19*z - 60. Let k be d(-10). Let y be k - 1/2*10. Suppose y = 3*p + 2*p. What is the highest common factor of 5 and p?
5
Suppose -2581 = 8*m - 3517. Calculate the highest common divisor of 90 and m.
9
Let r(t) = -t**3 - 70*t**2 - 161*t + 404. Let a be r(-68). What is the greatest common divisor of a and 56?
8
Suppose 0 = -13*d + 10*d + 12. Suppose 2*i - 640 = -c, -1282 = -d*i + 5*c - 8*c. Suppose -4*q + i - 103 = 0. What is the greatest common factor of q and 27?
27
Suppose 3*r = -4*v - 0*r + 461, -v + 114 = 2*r. Suppose -16*w = -12 - v. Suppose -w*k + 13*k = 1480. What is the highest common factor of k and 37?
37
Let t be (-81)/24*(0 - 4)*44/6. Suppose q = -3*m - 24, 4*m - 12 = 5*m - q. Let z = m + 20. What is the greatest common factor of t and z?
11
Let v be -1 + 0 + (-2)/(-6)*1803. Suppose 11*z + 600 = 3*q + 7*z, 3*q + z - v = 0. What is the greatest common divisor of q and 80?
40
Suppose 7*o = -688 + 1136. What is the greatest common factor of o and 2752?
64
Let m be (1 - (1 + 99/2))/(7/(-84)). What is the greatest common factor of m and 36?
18
Let k(a) = a**3 - 14*a**2 - 20*a + 17. Let l be k(15). Let o = 267 + l. Calculate the greatest common factor of 19 and o.
19
Let d be (-375)/(-50) - 9/6. Calculate the greatest common factor of d and 2736.
6
Suppose 3263 = 35*t - 5383 + 2206. What is the highest common divisor of t and 58?
2
Suppose 0 = 4*w + 2*y - 152, w = -3*w + 2*y + 144. Suppose 0 = -2*q + w - 507. Let n = -123 - q. Calculate the greatest common factor of 14 and n.
14
Let t be 64/14 - (-152)/(-266). Let i be 13/t - (-3)/4*1. What is the greatest common divisor of i and 4?
4
Let v(b) = b**3 + 6*b**2 - 1015*b + 9. Let q be v(29). Let z(k) = 7*k**2 + k. Let i be z(-1). What is the greatest common factor of q and i?
3
Suppose 4*y = -0 + 4. Let u be 12 - (4 - (2 - y)). Let m = 356 - 344. Calculate the greatest common factor of u and m.
3
Suppose 40*u + 70*u = 113316 + 89634. Calculate the highest common factor of u and 1025.
205
Let k = 353 + -446. Let r = -70 - k. Calculate the highest common factor of 851 and r.
23
Suppose -1849*n = -1835*n - 392. Let g = 536 + -256. Suppose g = 3*c + c. Calculate the highest common factor of c and n.
14
Let v(c) = c**3 + 38*c**2 - 46*c - 174. Let u be v(-39). Let n(z) = -34*z - 1. Let r be n(-1). Calculate the greatest common divisor of r and u.
33
Suppose 5*r - 56 = 4*c, 2*c + 30 = 4*r - 16. What is the highest common divisor of 135 and r?
3
Let n be 30*42/20*(-12)/7. Let g be ((-26)/(-4))/((-18)/n). Calculate the highest common divisor of 156 and g.
39
Let f(m) = -m**3 - 60*m**2 - 394*m - 163. Let h be f(-53). Calculate the highest common factor of 288 and h.
96
Let h be 6*6/(-24)*2 + 6. Let a be h/(-18) + 939/18. What is the greatest common factor of a and 208?
52
Suppose 21 = -f - 5*r + 64, -3*f - 2*r = -103. Suppose -3*d + 5*d + 4*o - 270 = 0, -5*o + 123 = d. What is the greatest common factor of d and f?
11
Suppose 54*d + 2 = 53*d. Let r be (d + -16)*(40 + -43). Calculate the greatest common factor of 234 and r.
18
Let n(x) be the third derivative of 5*x**4/12 - 17*x**3/6 + 19*x**2 - 1. Let r be n(4). What is the highest common factor of r and 253?
23
Let l be (408/476)/((-3)/(-66570)). Calculate the greatest common factor of l and 60.
60
Let w be ((-26)/12)/(19/(-114)). Suppose -w*i = -364 - 104. Calculate the greatest common factor of 90 and i.
18
Let d(w) = -35*w**3 + 3*w**2 - w. Let j be d(1). Let t be ((-1)/(-2))/(j/(-4554)). What is the highest common factor of 115 and t?
23
Let b be (-6 - -7)/(-2 - (-26)/14). Let t = b + 11. Suppose 0 = -t*w + w + 57. What is the highest common factor of 19 and w?
19
Let r = -680 + 224. Let f be -9 - (r/8 - 9). What is the highest common factor of 3 and f?
3
Suppose 0 = -17*v + 147*v - 20858 - 96792. What is the highest common factor of v and 6516?
181
Let d be (-3)/(-2)*14*(-40)/(-15). Let y be ((-20)/(-5))/((-329)/343 - -1). Calculate the highest common factor of d and y.
14
Let h = 228 + -266. Let z be 119/13 + h/247. Suppose -a - 2*q = -11, 4*q + 0*q = -3*a + 23. Calculate the greatest common divisor of a and z.
1
Let y be 38181/52 - (-2 + (-5)/(-4)). What is the highest common divisor of y and 630?
105
Let h be 2/5 - 2990/(-25). Let o(q) = q**3 + 12*q**2 + 18*q - 29. Let f be o(-7). What is the highest common divisor of h and f?
30
Let k = -608 - -629. Let i be 350/k*(-12)/(-20). Let c(r) = 7*r + 7. Let x be c(9). Calculate the greatest common factor of x and i.
10
Suppose 60*j - 820 = -5*d + 56*j, 3*d - j = 509. Suppose -166*i + d*i - 82 = 0. What is the highest common factor of i and 205?
41
Let d = 88 - 84. Suppose -j + 17 = -2*g, -3*j + 2*j + 19 = -d*g. What is the greatest common divisor of 45 and j?
15
Let s(w) = 2*w**3 - 7*w**2 - 9*w + 10. Suppose 0 = 3*k + 11*o - 16*o - 38, 12 = 4*k + 3*o. Let t be s(k). What is the highest common divisor of t and 34?
34
Let z be 6*((-2)/12)/(33/(-330)). Let a(s) = -s**2 + 5*s - 2. Let r be a(8). Let p = z - r. Calculate the greatest common divisor of 24 and p.
12
Suppose y - 2*v = 13, 0 = -5*y + y - 5*v + 13. Let s(t) = 8*t - 29. Let l be s(y). What is the greatest common factor of l and 36?
9
Suppose 2*i - v = -138, 0 = 2*v + v. Let x = i + 129. What is the greatest common factor of 12 and x?
12
Suppose 4*i + v = -2 + 27, -4*v + 15 = -i. Suppose -9*y + 5*y - 24 = 0. Let s be (y/i)/(18/(-2940)). What is the greatest common divisor of 28 and s?
28
Suppose -50 = -5*q + 5*o, 2 = 30*o - 31*o. Let w(i) = -i**2 - 3*i + 3. Let g be w(-4). Let l = 9 + g. Calculate the highest common factor of l and q.
8
Let u(w) = -w**2 - 23*w - 104. Let q(p) = -p**3 + 11*p**2 - 3*p + 26. Let l be q(11). Let h be u(l). What is the greatest common divisor of 648 and h?
8
Let i = -967 + 973. Suppose i*k - 157 = 23. What is the highest common divisor of 12 and k?
6
Let r = -14 + 20. Let p(a) = 23*a - 20. Let t be p(-5). Let g be ((-10)/(-6) - 0)/(t/(-162)). Calculate the highest common divisor of g and r.
2
Suppose 0 = c - 3*u + 8*u - 24, -3*u = u. Let i = 444 + 108. Calculate the highest common factor of i and c.
24
Suppose 144 = 4*n + w - 3*w, 0 = 3*n + 5*w - 108. Let b(y) = 356*y + 1108. Let j be b(-2). What is the greatest common factor of n and j?
36
Suppose -132*p + 135*p - 183 = 0. Let g = -37 + p. What is the greatest common divisor of 80 and g?
8
Let q be 2/(-73) + 1323304/3869. Calculate the greatest common factor of q and 1044.
18
Suppose 3*t + 2*c = 1587 + 2042, -4*c = t - 1233. What is the highest common factor of t and 5?
5
Let y(v) = 2*v**2 + 2*v + 8. Let n(j) = j**2 + j + 1. Let q be n(2). Let c be y(q). Let d be (70/2)/5 + 6 + -3. Wha